se 3.
-1210
Convert 2a (base 12) to base 3.
1021
What is 220 (base 3) in base 7?
33
Convert -1 (base 11) to base 10.
-1
Convert 0 (base 11) to base 4.
0
54 (base 15) to base 3
2221
Convert -2 (base 14) to base 5.
-2
What is 5 (base 7) in base 6?
5
What is -29 (base 10) in base 15?
-1e
5 (base 14) to base 7
5
-101011 (base 2) to base 11
-3a
-2 (base 16) to base 12
-2
What is -1133 (base 6) in base 13?
-180
5 (base 13) to base 10
5
Convert 101 (base 5) to base 9.
28
Convert 1 (base 7) to base 9.
1
What is -158 (base 15) in base 14?
-180
-3 (base 4) to base 14
-3
2 (base 9) to base 6
2
-21 (base 5) to base 9
-12
Convert 1 (base 14) to base 10.
1
What is -55 (base 8) in base 3?
-1200
3 (base 6) to base 2
11
11 (base 4) to base 8
5
521 (base 8) to base 4
11101
What is -1 (base 8) in base 2?
-1
-48 (base 10) to base 4
-300
What is 43 (base 5) in base 14?
19
201 (base 3) to base 2
10011
-7 (base 14) to base 8
-7
What is 28 (base 16) in base 6?
104
What is -100110111 (base 2) in base 15?
-15b
-20 (base 3) to base 2
-110
Convert 0 (base 10) to base 14.
0
Convert -10 (base 16) to base 14.
-12
Convert 2 (base 14) to base 16.
2
What is -b (base 15) in base 8?
-13
What is -8 (base 12) in base 7?
-11
Convert -11 (base 6) to base 3.
-21
Convert -31 (base 11) to base 14.
-26
What is 3 (base 8) in base 4?
3
Convert 211 (base 8) to base 11.
115
What is a (base 12) in base 6?
14
1 (base 5) to base 13
1
What is 5 (base 9) in base 13?
5
-125 (base 6) to base 2
-110101
-1 (base 13) to base 4
-1
2 (base 3) to base 2
10
What is -24 (base 9) in base 10?
-22
Convert -100 (base 2) to base 11.
-4
Convert -4 (base 14) to base 10.
-4
Convert -b (base 12) to base 16.
-b
What is 341 (base 5) in base 13?
75
Convert -8 (base 13) to base 9.
-8
19 (base 11) to base 8
24
Convert 122 (base 4) to base 15.
1b
-41 (base 11) to base 16
-2d
What is -2b (base 15) in base 9?
-45
-6 (base 11) to base 6
-10
Convert -11 (base 2) to base 12.
-3
Convert -5c (base 16) to base 10.
-92
0 (base 12) to base 16
0
Convert -5 (base 6) to base 10.
-5
What is 0 (base 6) in base 14?
0
What is -9b (base 15) in base 12?
-102
Convert -1 (base 14) to base 2.
-1
Convert 210 (base 4) to base 3.
1100
What is -14 (base 12) in base 14?
-12
Convert 66 (base 11) to base 3.
2200
10 (base 14) to base 4
32
What is 7 (base 8) in base 7?
10
1121 (base 3) to base 6
111
11 (base 7) to base 11
8
Convert 121 (base 3) to base 8.
20
Convert 17 (base 14) to base 12.
19
-16 (base 10) to base 5
-31
-2 (base 15) to base 13
-2
-183 (base 12) to base 4
-3303
Convert -3 (base 11) to base 12.
-3
Convert -1 (base 10) to base 13.
-1
Convert -22 (base 4) to base 3.
-101
What is -160 (base 7) in base 8?
-133
What is c4 (base 13) in base 14?
b6
What is a6 (base 12) in base 8?
176
Convert 3 (base 13) to base 8.
3
Convert -4 (base 8) to base 16.
-4
Convert 13 (base 8) to base 4.
23
What is 10001 (base 2) in base 12?
15
What is -12 (base 3) in base 8?
-5
Convert 36 (base 12) to base 13.
33
Convert e (base 15) to base 16.
e
Convert e (base 15) to base 5.
24
Convert -c (base 14) to base 11.
-11
Convert -312 (base 6) to base 4.
-1310
11 (base 15) to base 4
100
What is 0 (base 4) in base 10?
0
Convert -12 (base 6) to base 9.
-8
What is 10 (base 5) in base 9?
5
What is 142 (base 6) in base 15?
42
Convert 5d (base 14) to base 13.
65
Convert -3 (base 10) to base 16.
-3
What is -10 (base 6) in base 9?
-6
What is 1 (base 3) in base 14?
1
Convert -43 (base 11) to base 9.
-52
54 (base 7) to base 5
124
What is -11231 (base 4) in base 14?
-1c1
213 (base 6) to base 3
10000
What is -20 (base 16) in base 10?
-32
1 (base 3) to base 5
1
Convert 0 (base 4) to base 9.
0
Convert -1 (base 15) to base 10.
-1
Convert 32 (base 12) to base 4.
212
What is -1 (base 9) in base 13?
-1
What is 32 (base 7) in base 10?
23
2 (base 5) to base 15
2
What is 11 (base 6) in base 16?
7
12000 (base 3) to base 5
1020
Convert 1 (base 2) to base 15.
1
5 (base 8) to base 4
11
Convert 202 (base 4) to base 9.
37
-102 (base 5) to base 9
-30
What is 11000 (base 2) in base 14?
1a
Convert 1 (base 16) to base 2.
1
What is -c (base 13) in base 8?
-14
46 (base 9) to base 16
2a
22 (base 10) to base 8
26
What is -18 (base 13) in base 12?
-19
0 (base 13) to base 7
0
What is -8 (base 10) in base 12?
-8
Convert 1100 (base 3) to base 7.
51
Convert 4 (base 5) to base 13.
4
Convert -8 (base 10) to base 5.
-13
Convert -c (base 16) to base 4.
-30
Convert 96 (base 10) to base 7.
165
Convert 1111 (base 2) to base 3.
120
Convert 0 (base 13) to base 3.
0
Convert 7 (base 8) to base 16.
7
What is -25 (base 10) in base 9?
-27
-50 (base 8) to base 13
-31
Convert 25 (base 10) to base 6.
41
Convert -b (base 16) to base 3.
-102
What is -c (base 15) in base 2?
-1100
What is 44 (base 7) in base 14?
24
What is -90 (base 10) in base 14?
-66
52 (base 14) to base 16
48
74 (base 8) to base 11
55
Convert -2 (base 11) to base 16.
-2
What is -285 (base 11) in base 7?
-656
Convert 0 (base 11) to base 4.
0
Convert 0 (base 4) to base 15.
0
-24 (base 14) to base 10
-32
What is 8 (base 11) in base 5?
13
What is -3 (base 5) in base 3?
-10
5 (base 14) to base 12
5
What is -111 (base 2) in base 7?
-10
What is 7d (base 15) in base 14?
86
What is -21 (base 12) in base 11?
-23
10100010 (base 2) to base 5
1122
-41 (base 8) to base 9
-36
Convert -42 (base 12) to base 2.
-110010
24 (base 6) to base 14
12
76 (base 15) to base 11
a1
5 (base 8) to base 4
11
-20012 (base 3) to base 5
-1132
What is -12 (base 15) in base 8?
-21
26 (base 14) to base 9
37
Convert 144 (base 9) to base 4.
1321
0 (base 10) to base 12
0
Convert -1113 (base 4) to base 14.
-63
-11 (base 7) to base 12
-8
What is 92 (base 16) in base 8?
222
7 (base 12) to base 16
7
What is -3 (base 14) in base 9?
-3
Convert 21 (base 6) to base 8.
15
Convert 243 (base 5) to base 16.
49
-53 (base 10) to base 7
-104
What is -4 (base 13) in base 6?
-4
Convert -10 (base 2) to base 7.
-2
-104 (base 11) to base 9
-148
-3 (base 5) to base 6
-3
What is -5 (base 6) in base 13?
-5
What is -56 (base 15) in base 8?
-121
Convert 6 (base 7) to base 14.
6
4 (base 16) to base 8
4
What is 11 (base 2) in base 13?
3
Convert 13 (base 11) to base 10.
14
Convert -6 (base 13) to base 3.
-20
Convert -30 (base 6) to base 10.
-18
What is 1020 (base 3) in base 5?
113
Convert -5b (base 13) to base 2.
-1001100
What is -20 (base 8) in base 16?
-10
Convert 45 (base 7) to base 3.
1020
9 (base 14) to base 3
100
What is 60 (base 15) in base 3?
10100
Convert 1122 (base 4) to base 10.
90
Convert 0 (base 5) to base 10.
0
-22 (base 6) to base 14
-10
Convert -3 (base 12) to base 9.
-3
-10010 (base 2) to base 6
-30
Convert -1 (base 6) to base 4.
-1
-50 (base 12) to base 4
-330
-265 (base 8) to base 6
-501
-5 (base 13) to base 2
-101
What is -2a (base 13) in base 3?
-1100
24 (base 10) to base 14
1a
Convert 30 (base 4) to base 12.
10
Convert -116 (base 13) to base 4.
-2330
Convert 63 (base 12) to base 16.
4b
-103 (base 4) to base 6
-31
What is 3 (base 9) in base 3?
10
Convert f3 (base 16) to base 3.
100000
-10 (base 6) to base 4
-12
3 (base 4) to base 3
10
c (base 14) to base 7
15
-53 (base 10) to base 5
-203
Convert -4 (base 7) to base 6.
-4
-3 (base 11) to base 14
-3
Convert 107 (base 10) to base 14.
79
-13 (base 16) to base 8
-23
Convert -2 (base 5) to base 4.
-2
43 (base 5) to base 9
25
What is -10 (base 4) in base 5?
-4
What is -4 (base 14) in base 2?
-100
Convert 18 (base 11) to base 7.
25
Convert -19 (base 13) to base 5.
-42
What is 502 (base 6) in base 8?
266
6 (base 15) to base 3
20
101 (base 8) to base 5
230
Convert -4 (base 12) to base 2.
-100
-1222 (base 3) to base 9
-58
4 (base 16) to base 2
100
What is 13 (base 8) in base 16?
b
What is 231 (base 4) in base 12?
39
What is 160 (base 7) in base 16?
5b
-1 (base 15) to base 2
-1
-12 (base 3) to base 16
-5
-2 (base 7) to base 11
-2
What is 4 (base 8) in base 12?
4
12211 (base 3) to base 16
9d
Convert 42 (base 12) to base 13.
3b
What is -8 (base 10) in base 8?
-10
What is -22 (base 7) in base 16?
-10
What is 8 (base 11) in base 13?
8
-31 (base 8) to base 5
-100
What is 1 (base 6) in base 15?
1
Convert 15 (base 15) to base 3.
202
Convert -3 (base 8) to base 15.
-3
What is -4 (base 6) in base 13?
-4
Convert 118 (base 15) to base 8.
370
Convert -9 (base 12) to base 5.
-